{"version":"1.0","provider_name":"Forminsa","provider_url":"https:\/\/www.forminsa.com\/de\/","title":"Datenschutzpolitik Soziale Netzwerke | Forminsa","type":"rich","width":600,"height":338,"html":"<blockquote class=\"wp-embedded-content\" data-secret=\"LrM2waLZsJ\"><a href=\"https:\/\/www.forminsa.com\/de\/datenschutzpolitik-soziale-netzwerke\/\">Datenschutzpolitik Soziale Netzwerke<\/a><\/blockquote><iframe sandbox=\"allow-scripts\" security=\"restricted\" src=\"https:\/\/www.forminsa.com\/de\/datenschutzpolitik-soziale-netzwerke\/embed\/#?secret=LrM2waLZsJ\" width=\"600\" height=\"338\" title=\"&#8222;Datenschutzpolitik Soziale Netzwerke&#8220; &#8211; Forminsa\" data-secret=\"LrM2waLZsJ\" frameborder=\"0\" marginwidth=\"0\" marginheight=\"0\" scrolling=\"no\" class=\"wp-embedded-content\"><\/iframe><script>\n\/*! This file is auto-generated *\/\n!function(d,l){\"use strict\";l.querySelector&&d.addEventListener&&\"undefined\"!=typeof URL&&(d.wp=d.wp||{},d.wp.receiveEmbedMessage||(d.wp.receiveEmbedMessage=function(e){var t=e.data;if((t||t.secret||t.message||t.value)&&!\/[^a-zA-Z0-9]\/.test(t.secret)){for(var s,r,n,a=l.querySelectorAll('iframe[data-secret=\"'+t.secret+'\"]'),o=l.querySelectorAll('blockquote[data-secret=\"'+t.secret+'\"]'),c=new RegExp(\"^https?:$\",\"i\"),i=0;i<o.length;i++)o[i].style.display=\"none\";for(i=0;i<a.length;i++)s=a[i],e.source===s.contentWindow&&(s.removeAttribute(\"style\"),\"height\"===t.message?(1e3<(r=parseInt(t.value,10))?r=1e3:~~r<200&&(r=200),s.height=r):\"link\"===t.message&&(r=new URL(s.getAttribute(\"src\")),n=new URL(t.value),c.test(n.protocol))&&n.host===r.host&&l.activeElement===s&&(d.top.location.href=t.value))}},d.addEventListener(\"message\",d.wp.receiveEmbedMessage,!1),l.addEventListener(\"DOMContentLoaded\",function(){for(var e,t,s=l.querySelectorAll(\"iframe.wp-embedded-content\"),r=0;r<s.length;r++)(t=(e=s[r]).getAttribute(\"data-secret\"))||(t=Math.random().toString(36).substring(2,12),e.src+=\"#?secret=\"+t,e.setAttribute(\"data-secret\",t)),e.contentWindow.postMessage({message:\"ready\",secret:t},\"*\")},!1)))}(window,document);\n<\/script>\n","description":"1. INFORMATIONEN F\u00dcR DEN NUTZER Wer ist der f\u00fcr die Verarbeitung Ihrer personenbezogenen Daten Verantwortliche? FORMIN, SA ist f\u00fcr die Verarbeitung der personenbezogenen Daten der PERSONEN verantwortlich, die ein Profil in einem seiner sozialen Netzwerke erstellt haben, und diese Daten werden gem\u00e4\u00df den Bestimmungen der Verordnung (EU) 2016\/679 vom 27. April (GDPR), des Organgesetzes 3\/2018&hellip;&nbsp;Weiterlesen &raquo;","thumbnail_url":"https:\/\/www.forminsa.com\/wp-content\/uploads\/2024\/08\/Logo_Forminsa.png","thumbnail_width":1654,"thumbnail_height":864}

1. INFORMATIONEN FÜR DEN NUTZER Wer ist der für die Verarbeitung Ihrer personenbezogenen Daten Verantwortliche? FORMIN, SA ist für die Verarbeitung der personenbezogenen Daten der PERSONEN verantwortlich, die ein Profil in einem seiner sozialen Netzwerke erstellt haben, und diese Daten werden gemäß den Bestimmungen der Verordnung (EU) 2016/679 vom 27. April (GDPR), des Organgesetzes 3/2018&hellip;&nbsp;Weiterlesen &raquo;
